ose -5*k + 6 - 1 = 0. What is the tens digit of z(k)?
4
Let c(b) = 5*b - 13. Let s = -21 - -28. What is the tens digit of c(s)?
2
Let m(p) = 5*p + 15. Let o(a) = a + 4. Let t(h) = -2*m(h) + 9*o(h). Let x be t(7). Let k = x + 16. What is the tens digit of k?
1
Let t(b) be the third derivative of b**6/120 - b**5/15 - b**4/4 + 7*b**3/6 - 4*b**2. Suppose m - 1 = 3*w + 1, -2*w + 2 = 0. What is the units digit of t(m)?
2
What is the units digit of 136 - 9 - (1*-3 - -2)?
8
Suppose 20 = -0*v + 4*v. Suppose 2*h = v*h - 48. What is the units digit of (6/(-4))/((-12)/h)?
2
Let f(q) = q + 8. Let c(v) = v**2 + 6*v + 5. Let m(t) = t**2 + 6*t + 4. Let k(s) = -3*c(s) + 4*m(s). Let p be k(-5). What is the units digit of f(p)?
4
Let j = 4 - 6. Let x be 4/3 - j/(-6). What is the units digit of 1/3*3*x?
1
Let o(q) = -q**2 - 8*q - 5. Let h be o(-5). Suppose -y + 3*u = h, 5*y + 4*u - 46 + 1 = 0. Suppose 0*k = k - y. What is the units digit of k?
5
Let y = -2 + 7. Suppose 21 = 4*h - 2*p - 11, -2*h = -y*p - 16. Suppose -4*g + s + 15 = -h, -11 = -3*g + 2*s. What is the units digit of g?
7
Let g = 2 - 1. Let b(c) = c**3 - c**2. Let a be b(g). Suppose -2*q - 2*r + 10 = 0, -3*q + 3*r - r + 15 = a. What is the units digit of q?
5
What is the units digit of (-7 + 4 - -4)*7?
7
Suppose -18 = -5*z + a, 5*z - 2*a = -3 + 19. Let n(r) be the first derivative of r**3/3 - r**2/2 - 3*r - 1. What is the units digit of n(z)?
9
Let d(b) = 3*b**2 + b - 8. What is the tens digit of d(-5)?
6
Let r(z) = 4*z - 21. What is the tens digit of r(10)?
1
Let m be 56/12 + 2/6. Let u = m + 4. What is the units digit of u?
9
Let i be (-15)/(-6) + (-2)/(-4). Suppose 0 = i*r + 2*r + u - 17, 0 = 2*r + u - 5. What is the units digit of r?
4
Suppose -3*m - i + 654 = 0, 2*m + 5*i - 9*i = 422. What is the tens digit of m?
1
Let z = 22 + 3. What is the units digit of z?
5
Suppose 3*b - 104 = -5*r - 27, -2*b = r - 56. What is the tens digit of b?
2
Let p(v) = 1 - 4 + 1 + 0 - 14*v. What is the units digit of p(-3)?
0
What is the tens digit of (0 - (2 + -4)) + 33?
3
Let i = 223 + -149. What is the tens digit of i?
7
Let r(g) = -3*g**2 - g + g**3 + 3 + 1 + 2*g**2 - 7. What is the tens digit of r(3)?
1
Let p(d) = -d**2 - 24*d - 8. What is the tens digit of p(-17)?
1
Let s be (2/1)/2*0. Suppose 3*t = 4*t, 2*r - 2*t = 24. Suppose s = 3*i - 18 - r. What is the units digit of i?
0
Let u = 627 + -383. What is the hundreds digit of u?
2
Let v(a) = 4*a**2 + 3 - a**2 - a**2 + 6*a. What is the units digit of v(-4)?
1
Suppose 0*m + m = 0. Suppose n - 4 = m, 0*u = -3*u - 4*n + 61. What is the tens digit of u?
1
Suppose -20 = 2*m + 2*m. What is the tens digit of (m/((-15)/(-36)))/(-1)?
1
Suppose -2*g = -4*t + 1 + 3, 5*g - 16 = -3*t. Suppose -3*m + 13 - 1 = 0. Suppose 2*z - m*z + t*i + 26 = 0, z - 4*i - 13 = 0. What is the tens digit of z?
1
Let p(b) = -b**2 - 11*b - 7. What is the units digit of p(-8)?
7
Let i(z) = -2*z**2 - 7*z + 2. Let f(d) = -2*d**2 - 8*d + 1. Suppose -2*t + 6 = t. Let a(x) = t*f(x) - 3*i(x). What is the units digit of a(-4)?
8
Suppose 4*h + 11 + 1 = 0. Let q be h/(-2)*(-10)/(-3). Suppose 3*c - 23 = -q*v + 26, -3*v = -c - 7. What is the units digit of c?
8
Let g(c) = c**2 + 7*c - 2. What is the tens digit of g(-11)?
4
Suppose -2*g + g = -2*h - 33, -2 = 2*h. What is the tens digit of g?
3
Suppose -4*q - 8 = 0, -3*v + 3*q + 37 = -38. What is the units digit of v?
3
Suppose 0 = -8*s + 3*s + 830. What is the units digit of s?
6
Let t(q) = -q**2 - 12*q - 10. Let j be t(-10). Suppose j - 26 = -4*c. Suppose -c*x = x - 20. What is the units digit of x?
4
Suppose -4*v = -2*v - 42. What is the tens digit of v?
2
What is the units digit of (-15)/30 + (-1 - 77/(-2))?
7
What is the tens digit of (-65)/(-4) + (-3)/12?
1
Let y be 15*4*(-6)/(-20). Suppose -h = -4*g + 9, 0 = -2*h - 2*g - 2*g - y. Let s = -4 - h. What is the units digit of s?
5
Suppose -3*l + 451 - 130 = 0. What is the units digit of l?
7
Suppose 5*v - 5 = 105. What is the units digit of v?
2
Let l be (-6)/(-21) - (-150)/14. Suppose 0*z + z - l = 0. What is the tens digit of z?
1
Suppose 3*d = -2*j + 95, -2*j = 4*d - 0*j - 126. What is the units digit of d?
1
Suppose -2*r + 4 = -3*i, -3*r + 6 = -4*i - 0. Let u be -1 + i + (-3)/(-3). Suppose -z + u + 1 = 0. What is the units digit of z?
1
Let y = 24 - 20. What is the units digit of ((-4)/6)/(y/(-96))?
6
Let l be -2 + (-1 - 3/(-3)). Let g(r) = -14*r - 4. What is the tens digit of g(l)?
2
Suppose -h + 3*h - 3*y = 245, -3*h = y - 373. What is the hundreds digit of h?
1
Let x = -103 + 168. What is the tens digit of x?
6
What is the units digit of 12 - -2 - 1*3?
1
Let p = -58 - -97. What is the units digit of p?
9
Let f(x) = -x - 2. Suppose 5*c + 20 = -0*c. What is the units digit of f(c)?
2
Suppose t - 3*w = -3*t + 1255, 3*t - 5*w - 944 = 0. What is the units digit of t?
3
Let x be 2 + 6/4*2. Suppose -x*j + 2*j = -18. Suppose t = 8 + j. What is the tens digit of t?
1
Let x(n) = -42*n - 2. Let u = 6 + -7. What is the tens digit of x(u)?
4
Let f(x) = 2*x**2 + 6*x - 24. What is the tens digit of f(6)?
8
Suppose 0 = 3*g - 5*b - 89, -b + 68 = 2*g - 0*g. What is the tens digit of g?
3
Let v be (-242)/(-4) + 6/4. Let k = 112 - v. What is the units digit of k?
0
Let g = -51 + 78. What is the tens digit of g?
2
Suppose 0 = -5*o + 3*q + 43 - 4, -3*o = q - 15. Suppose 0 = -o*u + u + 60. What is the tens digit of u?
1
Let t(r) = r**3 - 11*r**2 - 13*r + 30. What is the units digit of t(12)?
8
Let w = 0 + -13. What is the units digit of (w - -1)*(-1 - 0)?
2
Let j be (-2)/6 - (-26)/6. Suppose j*n - 35 = 1. What is the units digit of (6/n)/((-2)/(-12))?
4
Let h = 421 - 675. What is the units digit of h/(-12) - 4/24?
1
Let x = 111 - 77. What is the units digit of x?
4
Let r(k) = k - 10. Let f be r(11). Suppose -2 = -m - f. What is the units digit of m?
1
Let s be 1/3 - (-20)/3. Suppose 0 = 3*m - 9, 5*z - s = 3*m - 1. Suppose z*x = -3*v - v + 40, 2*v + 4*x = 10. What is the units digit of v?
3
Let n = 11 - 6. Suppose 2*m + n = 3*m. Suppose m*p + 1 = 16. What is the units digit of p?
3
Let m = 3 - 31. Let j = 41 + m. What is the units digit of j?
3
Let y be 2*(-10)/(-4) + 1. Let s = 9 - y. Suppose -4 - 2 = -s*t. What is the units digit of t?
2
Suppose -214 = 2*c - 3*y - 29, -4*c = -y + 355. Let x be (-3)/(-5) - c/20. Suppose 5*g = x, 0*g = -5*u - 4*g + 9. What is the units digit of u?
1
Suppose 5*w + s - 260 = 0, 2*s + s = -w + 38. What is the units digit of w?
3
Let f(l) = -3*l**3 - 2*l - 25. What is the hundreds digit of f(-4)?
1
Let d(h) = h**3 + 5*h**2 - 7*h - 4. Let z be d(-6). What is the tens digit of (-1 + z)*(3 + 11)?
1
Let d(l) = -l**3 - 6*l**2 + 8*l + 2. What is the hundreds digit of d(-9)?
1
Let m(g) = -5*g - 3. Let j be m(-2). Let b = j - 5. Suppose 36 = 2*d + 2*r, -2*d = d - b*r - 29. What is the tens digit of d?
1
Let s(k) = k + 2. Suppose 2*f + 1 = -5*w, 0 = -4*w - w + f + 8. Let o be 3 + -2 + w*-1. What is the units digit of s(o)?
2
Let q(m) = m**2 - 3*m - 1. Let h be q(4). Suppose -2*c = -3*n + h, 2*c - 4*n + 9 = c. What is the units digit of c?
3
What is the units digit of -4 - -1 - -3 - -9?
9
Suppose 3*z + 0 = 9. Suppose -2*o - z = -1. What is the units digit of 6/3 - (o - -2)?
1
Let n(y) = y - 57. Let a be n(0). Let x = -41 - a. Let v = -8 + x. What is the units digit of v?
8
Let r(m) = -m**3 - 5*m**2 - m - 6. Let b be r(-5). Let y be 2 + (1 - b) + -10. Let x = y + 15. What is the units digit of x?
9
Suppose 37 = j - 0*j. What is the tens digit of j?
3
Let s(a) = -a + 9. Let h = 23 + -15. Let o be s(h). Let g(u) = 4*u**2 + u. What is the units digit of g(o)?
5
Let w(f) = f - 2. Let o be w(4). Let t be o/(-2) + -1 + 2. Suppose -12 = -3*a - t*a. What is the units digit of a?
4
Suppose v + h = -6, 0*v - 4*v = -h + 9. Suppose 30 = 3*r + 3. Let f = v + r. What is the units digit of f?
6
Suppose -9 = 3*s + 3. Let t(c) = c**3 + 5*c**2 + 5*c + 6. Let k be t(s). Suppose -k = -4*g + 2. What is the units digit of g?
1
Suppose -82 + 250 = 2*n. What is the units digit of n?
4
What is the units digit of (-10)/(-4)*(-744)/(-30)?
2
Let l = -2 - 0. Let a = 2 - l. Let r(u) = -u + 7. What is the units digit of r(a)?
3
Let w = 75 - 35. What is the units digit of w?
0
Let w = -9 + 9. Suppose u = -w*u + 7. Suppose 0 = -2*g 